, -r = -1 + 2. What is the greatest common divisor of b and o?
53
Let c = -12 + 42. Let v be ((-2 - 0) + -30)*(-255)/c. What is the greatest common factor of 17 and v?
17
Let h = -1400 - -1480. What is the highest common divisor of 136 and h?
8
Suppose 87031 = 28*y - 37653. What is the greatest common divisor of 73 and y?
73
Let m = 32350 - 32091. What is the greatest common factor of 49 and m?
7
Suppose 0 = -44*j - 1408 + 1788 + 1908. Calculate the highest common divisor of j and 9074.
26
Suppose -68*v + 30*v = -44650. Calculate the highest common factor of v and 282.
47
Suppose 0*n + 26 = -5*o + n, n = -3*o - 14. Let g be 1 - (-14 - (-5)/o). Suppose 219 = g*w - 213. Calculate the highest common factor of 9 and w.
9
Let h(w) = -7*w - 92. Let o be h(-14). Suppose 0 = -v + 10 + 2. What is the greatest common divisor of o and v?
6
Suppose z = -63 + 95. Let n = 273 + -271. What is the greatest common factor of z and n?
2
Let j = 2410 + -2359. Calculate the greatest common divisor of j and 221.
17
Let d be (-8074)/(-5) - (19/55 - 678/1243). What is the greatest common factor of d and 95?
95
Let a(i) = i**3 + 14*i**2 - 16*i - 10. Let t be a(-15). Suppose -t*s + 94 = 3*p - 6*s, -4*p + s = -126. What is the highest common factor of p and 992?
32
Let f(t) = t**3 + 22*t**2 - 20*t - 142. Let c be f(-20). What is the greatest common divisor of 69 and c?
23
Suppose -3*h = 4*d - 965, 15*d - 16*d + 2 = 0. Calculate the highest common divisor of 2059 and h.
29
Let v(h) = 2*h**2 + h + 9. Let p be v(3). Let q be 2/(-17) - 87/(-17). What is the highest common divisor of q and p?
5
Let d = -5395 - -6271. Calculate the greatest common factor of d and 96.
12
Let u be 6 - 0/(4 + (3 - 3)). Suppose -12*w + u*w + 168 = 0. Calculate the greatest common factor of w and 56.
28
Suppose -h - 77 = -2*t, -56 = -3*t - 4*h + 43. Let y = t + -31. Let d be 1 + 35 + (-24)/y. Calculate the highest common factor of d and 4.
4
Let g(w) = -w**3 + 5*w**2 + 5*w - 7. Let f be g(5). Let d = 305 + -303. Suppose -b - d = -20. What is the greatest common divisor of b and f?
18
Suppose -2*a + 4*l = -32, -4*a + 61 + 17 = -l. Suppose a = -2*x + 22. What is the highest common factor of 8 and x?
1
Let m = -601 + 691. What is the greatest common divisor of 170 and m?
10
Let b(j) = 18*j**2 + 24*j - 90. Let n be b(4). Let a = 303 - n. What is the highest common divisor of a and 189?
9
Let h be (20319 + -1 - (176 - 169)) + 6. Calculate the greatest common factor of 11 and h.
11
Suppose 4368 = 4*p + 35*p. Suppose 5*f - 5*k - 65 = 0, -3*k - 21 = -4*f + 32. What is the highest common divisor of p and f?
14
Let q = 5221 - 4469. Calculate the highest common divisor of 1222 and q.
94
Suppose 60*z = 58*z + 146. Suppose 5*l - t - 206 = 0, -z = -l - 5*t - 11. What is the greatest common factor of l and 147?
21
Suppose -43*x + 1161 = 215. Let z(q) = -11*q**2 - 3*q - 2. Let r be z(-2). Let b = 62 + r. What is the highest common divisor of x and b?
22
Let l = 1629 + -841. What is the greatest common divisor of 4 and l?
4
Let s be (9/27)/(3/(-27)). Let g be ((-12)/20 - 0)/(s/1005). Suppose 2*m = 2*o - 324, -2*m - 45 = o - g. What is the greatest common factor of 40 and o?
40
Suppose 0 = 3*g, g - 133 + 5 = -2*d. Calculate the highest common divisor of 932 and d.
4
Let d be 3/(-3) + (0 - -2). Let l be -2 + 36 + 12/(-4). Suppose 0 = 3*z + w - l, -2 = w - 0. Calculate the greatest common factor of d and z.
1
Suppose -79*a + 168*a = 75*a + 15484. What is the highest common divisor of a and 238?
14
Let o be 3 - 3/(-42)*12*49. What is the highest common factor of 2880 and o?
45
Let x(d) = 4*d + 30. Let l be x(-8). Let y be (-18)/3*l*4. What is the highest common divisor of 128 and y?
16
Let x(o) = -o**2 - 21*o - 103. Let r(y) = -y**2 - 31*y - 155. Let d(j) = 5*r(j) - 7*x(j). Let k be d(-7). What is the greatest common divisor of k and 140?
20
Let a be 1/5 - 2495/(-25). Let u(s) = -s**3 - 4*s**2 + 4*s + 6. Let j be u(-5). Suppose -j*q + 240 = q. What is the greatest common divisor of a and q?
20
Let s(q) = 20*q**2 + 3*q - 2. Suppose 0 = 5*n + 8 + 2, 3*n + 7 = o. Let c be s(o). What is the greatest common factor of 6 and c?
3
Let b = 389 + -391. Let o be (8 + b)*16/6. Calculate the highest common factor of o and 544.
16
Let o be 125*(0 + 1) + (-8 - 14/(-2)). What is the highest common factor of o and 1426?
62
Let r(i) = -7*i**2 - 310*i + 35. Let n be r(-44). What is the highest common factor of n and 1353?
123
Let k be (-2)/10 - 1863/(-15). Let t(i) = -2*i**2 - 2*i + 3. Let u be t(2). Let r be 281/9 - (-2)/u. Calculate the highest common factor of k and r.
31
Let t(w) = w**2 + 4*w - 9. Let i be t(-5). Let b = -63 + 62. Let d be 486/24 - b/i. Calculate the greatest common factor of 2 and d.
2
Let m(x) = x**2 - 12*x + 15. Let n be m(11). Suppose -n*c - 3*p + 245 = 0, -4*c - 2*p - 2*p = -240. Calculate the greatest common divisor of c and 39.
13
Suppose -y - 1 + 50 = 0. Suppose 2*s - y = 69. Let t = s + -53. Calculate the greatest common divisor of 12 and t.
6
Let y = -916 - -1386. Let n = y + -191. Calculate the highest common divisor of 31 and n.
31
Let g = 12541 + -12285. Calculate the greatest common factor of 576 and g.
64
Let c = -128 + 137. Suppose 4*h + 4*v = 24, -5*h = -5*v + c + 1. Calculate the highest common divisor of 26 and h.
2
Let r be -2 - -37 - (-4 - (4 - 7)). Suppose r*k - 6 = 33*k. Suppose 332 = k*m - 3*s, -4*s = 4*m - 456 - 168. What is the highest common divisor of m and 16?
16
Let f(a) = -a**2 - 72*a - 418. Let p be f(-50). Calculate the highest common divisor of p and 496.
62
Let z be 2 + 7 + (-4 - 1). Let l be (z/12)/((-5)/(-405)). Let b be l - (3 + -3 + (-4 - -4)). Calculate the highest common factor of b and 3.
3
Let v = 8836 + -6226. What is the highest common factor of v and 90?
90
Suppose -98*p + 2778 + 6140 = 0. What is the highest common divisor of 21 and p?
7
Suppose 14*x - 128 = -30. Let w(d) = -7*d + 22. Let u be w(x). Let h = u + 105. Calculate the greatest common divisor of h and 6.
6
Suppose l - 60 = 4*m, 2*m - 194 + 0 = -3*l. Calculate the highest common divisor of 3776 and l.
64
Let y(z) = -40*z + 18. Let o be y(0). What is the greatest common divisor of o and 354?
6
Let o(p) = -17*p**2 + 884*p - 63. Let n be o(51). Calculate the highest common factor of n and 201.
201
Suppose -338*s + 290764 = -24*s. What is the highest common divisor of s and 2?
2
Let j(r) = -131*r + 1210. Let a be j(-23). Calculate the greatest common divisor of a and 41.
41
Suppose -2*w = -7*w - 20, 2*k - 12984 = 3*w. What is the highest common factor of 46 and k?
46
Let s(q) = 2*q**2 - 21*q - 10. Suppose 2*i - 121 = -9*i. Let r be s(i). Let b be 0 + 30/3 + r. Calculate the greatest common factor of b and 11.
11
Suppose 216 = 2*l - 198. Let x = 193 - 170. What is the greatest common divisor of x and l?
23
Let y(b) = -b**3 - 13*b**2 - 24*b. Let p be y(-14). Let i = p + -500. What is the greatest common divisor of 10 and i?
2
Let t(c) = -c + 35. Suppose -31 = -3*r - n + 36, 0 = 3*n - 3. Let l be t(r). Calculate the highest common factor of l and 117.
13
Let z be (9/6)/((-6)/20). Let x = 5 - z. Suppose 2*n + 4*g - 329 = -121, 5*g = 4*n - 455. What is the highest common factor of x and n?
10
Suppose 0 = 4*n, 6*n + 28284 = 4*s - 33731 + 9211. Calculate the highest common factor of s and 43.
43
Let t(n) = -5*n**3 - 4*n**2 - 5*n + 30. Let o be t(-6). What is the highest common factor of 12 and o?
12
Let g be (243/72 - 3) + 461/8 + 4. What is the greatest common divisor of g and 10?
2
Let a(m) be the first derivative of 7*m**2/2 - 73*m - 50. Let v be a(12). Calculate the greatest common factor of v and 44.
11
Let a(s) = 20*s - 1232. Let k be a(62). What is the highest common factor of 10 and k?
2
Suppose 10*s = 944 + 116. Suppose q - 125 = -s. What is the highest common divisor of 703 and q?
19
Suppose 11*h = 271 + 1137. Let s = -463 + 911. What is the greatest common factor of s and h?
64
Suppose 3*p - 4*k = 1496, -5*p - 5*k = -1676 - 794. What is the highest common divisor of 434 and p?
62
Suppose -7*g - 14 + 28 = 0. Suppose g*j - 17 = 11. What is the highest common divisor of 28 and j?
14
Let w(u) = -14*u - 22. Let s be w(13). Let f = s - -215. Calculate the highest common divisor of f and 209.
11
Let p = 25 + -23